{"id":80,"date":"2018-02-17T11:51:47","date_gmt":"2018-02-17T10:51:47","guid":{"rendered":"http:\/\/fibredigitale.fr\/?page_id=80"},"modified":"2025-02-21T12:40:29","modified_gmt":"2025-02-21T11:40:29","slug":"orange-depuis-2010","status":"publish","type":"page","link":"https:\/\/fibredigitale.fr\/?page_id=80","title":{"rendered":"Orange Depuis 2010"},"content":{"rendered":"\n<figure class=\"wp-block-image\"><img loading=\"lazy\" decoding=\"async\" width=\"100\" height=\"100\" src=\"https:\/\/fibredigitale.fr\/wp-content\/uploads\/2018\/02\/logo-orange.jpg\" alt=\"\" class=\"wp-image-181\"\/><\/figure>\n\n\n\n<p><strong>2024&nbsp; :<\/strong><br>Elargissement des comp\u00e9tences en tant que conseiller en Full Flux<\/p>\n\n\n\n<p><strong>2013 -2023&nbsp; :<\/strong><br>Conseiller Clients R\u00e9f\u00e9rent Multi-Produits (niveau D) \u2013 Plateau Aix en Provence. Gestion parc mobile, <strong>open adsl et fibre.<\/strong><br>&#8211; Accueillir le client, traiter sa demande, \u00e9largir et fid\u00e9liser avec pour objectif une relation incomparable<br>&#8211; Participation \u00e0 la formation des nouveaux employ\u00e9s<br>&#8211; Soutien des coll\u00e8gues, aide pour la mont\u00e9e en comp\u00e9tence.<br>&#8211; Veille technologique<br>&#8211; Partage de bonnes pratiques, Maitrise avanc\u00e9e des produits et des proc\u00e9dures<br>&#8211; Int\u00e9rim en l&rsquo;absence du responsable (suivi des indicateurs, s\u00e9curit\u00e9 des locaux)<br>&#8211; Contribuer au remont\u00e9es terrain avec mes sup\u00e9rieurs, coll\u00e8gues transverse sur les offres, les promotions, le SI afin d&rsquo;am\u00e9liorer la qualit\u00e9 et porter la strat\u00e9gie d&rsquo;entreprise<\/p>\n\n\n\n<hr class=\"wp-block-separator has-alpha-channel-opacity\"\/>\n\n\n\n<p><strong>2015 :<\/strong><br><em><strong> Dipl\u00f4me certification IFG Conseiller Client<\/strong> <\/em><\/p>\n\n\n\n<hr class=\"wp-block-separator has-alpha-channel-opacity\"\/>\n\n\n\n<p><strong>2011 &#8211; 2012 :<\/strong><br><em>T\u00e9l\u00e9conseiller Front Orange Mobile \u2013 Plateau Aix en Provence : vente de produits, services T\u00e9l\u00e9phoniques, Internet, Fid\u00e9lisation, gestion des clients Premiums<br><\/em><\/p>\n\n\n\n<hr class=\"wp-block-separator has-alpha-channel-opacity\"\/>\n\n\n\n<p><strong>2010 :<\/strong><br><em>Int\u00e9rimaire t\u00e9l\u00e9conseiller Mobile : Traiter la demande, Conseiller, vendre<br><\/em><\/p>\n\n\n\n<hr class=\"wp-block-separator has-alpha-channel-opacity\"\/>\n\n\n\n<p class=\"has-text-align-center\"><em><span style=\"color: #000000;\">R\u00e9alisations Marquantes :<\/span><\/em><\/p>\n\n\n\n<pre class=\"wp-block-verse\"><em>\u2022 Tuteur contrats pro et alternants universitaires (suivi commercial, double \u00e9coute, suivi <\/em><em>des indicateurs SAM\/OPC\/VIP, mise en place de strat\u00e9gies atteinte des objectifs)<\/em><br><em>\u2022 Aide Volante Volontaire inter-site Open Scose<\/em><br><em>\u2022 Cr\u00e9ation outil suivi objectifs \u00e9quipe en l\u2019absence responsable<\/em><br><em>\u2022 R\u00e9union tables rondes, participation nouveaux projets (Plazza, ARCQ,Road show inter-canal) <\/em><br><em>\u2022 Cr\u00e9ation de support d\u2019aide \u00e0 la vente pour Open<br><\/em><em>\u2022 Ambassadeur Digital Plazza : Support local, Cr\u00e9ation et&nbsp; Administration Groupe Priv\u00e9 Plazza \"Aix Sablier Scose\"<br><\/em><\/pre>\n\n\n\n<figure class=\"wp-block-pullquote\" style=\"border-width:7px;border-radius:13px\"><blockquote><p><em><span style=\"color: #000000;\">\u00ab\u00a0Tout au long de mon parcours professionnel, j\u2019ai toujours incarn\u00e9 les valeurs d\u2019Orange : <strong data-start=\"90\" data-end=\"105\">Attentionn\u00e9<\/strong>, en pla\u00e7ant l&rsquo;humain au c\u0153ur de mes actions, <strong data-start=\"151\" data-end=\"164\">Audacieux<\/strong>, en relevant des d\u00e9fis avec innovation et d\u00e9termination, et <strong data-start=\"225\" data-end=\"240\">Responsable<\/strong>, en m\u2019engageant avec rigueur et \u00e9thique dans chacun de mes projets<\/span><\/em><span style=\"color: #000000;\"><em>.\u00a0\u00bb<\/em><\/span><br><br>En tant que salari\u00e9 et t\u00e9l\u00e9conseiller au service client d&rsquo;Orange, j&rsquo;ai \u00e9t\u00e9 t\u00e9moin de l&rsquo;\u00e9volution fulgurante d&rsquo;internet et des t\u00e9l\u00e9communications ces derni\u00e8res ann\u00e9es. Lors de mon arriv\u00e9e, l&rsquo;ADSL \u00e9tait encore majoritaire et la fibre optique commen\u00e7ait tout juste \u00e0 se d\u00e9ployer. Aujourd&rsquo;hui, le tr\u00e8s haut d\u00e9bit est devenu la norme, avec la fibre et la 5G qui se g\u00e9n\u00e9ralisent.<br>Cette transformation technologique s&rsquo;est accompagn\u00e9e d&rsquo;une \u00e9volution des attentes des clients. Ils sont plus exigeants, mieux inform\u00e9s et connect\u00e9s en permanence. En tant que t\u00e9l\u00e9conseiller, j&rsquo;ai d\u00fb m&rsquo;adapter \u00e0 ces changements en d\u00e9veloppant de nouvelles comp\u00e9tences, notamment sur les technologies du num\u00e9rique, la relation client digitale et la r\u00e9solution de probl\u00e8mes complexes.<br>La cr\u00e9ation des directions op\u00e9rationnelles (DO) a \u00e9galement eu un impact sur mon travail. Le rapprochement des \u00e9quipes du terrain et l&rsquo;autonomie accrue ont permis d&rsquo;am\u00e9liorer la r\u00e9activit\u00e9 et la qualit\u00e9 du service client . J&rsquo;ai pu ainsi mieux r\u00e9pondre aux besoins sp\u00e9cifiques des clients et contribuer \u00e0 leur satisfaction .<br><br>Cependant, mon exp\u00e9rience au service client m&rsquo;a permis de d\u00e9couvrir d&rsquo;autres facettes d&rsquo;Orange et de nourrir de nouvelles ambitions professionnelles. J&rsquo;aimerais aujourd&rsquo;hui \u00e9voluer vers un poste \u00e0 responsabilit\u00e9s, qui me permettrait de mettre \u00e0 profit mes comp\u00e9tences et mon sens du service au sein d&rsquo;une autre \u00e9quipe.<br>Je suis particuli\u00e8rement int\u00e9ress\u00e9 par les m\u00e9tiers li\u00e9s \u00e0 la transformation digitale, \u00e0 l&rsquo;innovation et au d\u00e9veloppement des r\u00e9seaux. Les projets d&rsquo;Orange dans la fibre optique, la 5G et l&rsquo;intelligence artificielle me passionnent, et je suis convaincu que je pourrais apporter une contribution significative \u00e0 ces domaines.<br>Je suis \u00e9galement sensible aux enjeux de la transition \u00e9cologique et de l&rsquo;inclusion num\u00e9rique . Orange s&rsquo;engage activement dans ces domaines, et je souhaite m&rsquo;investir pleinement dans cette d\u00e9marche pour un num\u00e9rique plus responsable et accessible \u00e0 tous.<br>Je suis d\u00e9termin\u00e9 \u00e0 me former et \u00e0 acqu\u00e9rir les comp\u00e9tences n\u00e9cessaires pour r\u00e9ussir dans ce nouveau challenge. Je suis convaincu que ma connaissance du terrain, mon sens du client et ma motivation seront des atouts pr\u00e9cieux pour \u00e9voluer au sein d&rsquo;Orange et contribuer \u00e0 son succ\u00e8s futur.<\/p><\/blockquote><\/figure>\n\n\n<div class=\"wp-block-image\">\n<figure class=\"aligncenter\"><img loading=\"lazy\" decoding=\"async\" width=\"150\" height=\"150\" src=\"https:\/\/fibredigitale.fr\/wp-content\/uploads\/2025\/02\/logo-orange-est-la-150x150.png\" alt=\"\" class=\"wp-image-311\"\/><\/figure>\n<\/div>\n\n\n<p class=\"has-text-align-center\"><a href=\"https:\/\/fibredigitale.fr\/?page_id=83\"><strong>Voir mes exp\u00e9riences avant 2010<\/strong><\/a><\/p>\n\n\n\n<p>&nbsp;<\/p>\n\n\n\n<hr class=\"wp-block-separator has-alpha-channel-opacity\"\/>\n\n\n\n<figure class=\"wp-block-gallery has-nested-images columns-2 wp-block-gallery-1 is-layout-flex wp-block-gallery-is-layout-flex\">\n<figure class=\"wp-block-image size-full\"><img loading=\"lazy\" decoding=\"async\" width=\"2000\" height=\"1200\" data-id=\"249\" src=\"https:\/\/fibredigitale.fr\/wp-content\/uploads\/2018\/02\/cropped-cropped-Capture-3-1.jpg\" alt=\"\" class=\"wp-image-249\" srcset=\"https:\/\/fibredigitale.fr\/wp-content\/uploads\/2018\/02\/cropped-cropped-Capture-3-1.jpg 2000w, https:\/\/fibredigitale.fr\/wp-content\/uploads\/2018\/02\/cropped-cropped-Capture-3-1-300x180.jpg 300w, https:\/\/fibredigitale.fr\/wp-content\/uploads\/2018\/02\/cropped-cropped-Capture-3-1-1024x614.jpg 1024w, https:\/\/fibredigitale.fr\/wp-content\/uploads\/2018\/02\/cropped-cropped-Capture-3-1-768x461.jpg 768w, https:\/\/fibredigitale.fr\/wp-content\/uploads\/2018\/02\/cropped-cropped-Capture-3-1-1536x922.jpg 1536w\" sizes=\"auto, (max-width: 709px) 85vw, (max-width: 909px) 67vw, (max-width: 1362px) 62vw, 840px\" \/><figcaption class=\"wp-element-caption\">Double ecoute avec un  vip<\/figcaption><\/figure>\n\n\n\n<figure class=\"wp-block-image size-full\"><img loading=\"lazy\" decoding=\"async\" width=\"2000\" height=\"1334\" data-id=\"248\" src=\"https:\/\/fibredigitale.fr\/wp-content\/uploads\/2018\/02\/cropped-certif-pendant-brunch.jpg\" alt=\"\" class=\"wp-image-248\" srcset=\"https:\/\/fibredigitale.fr\/wp-content\/uploads\/2018\/02\/cropped-certif-pendant-brunch.jpg 2000w, https:\/\/fibredigitale.fr\/wp-content\/uploads\/2018\/02\/cropped-certif-pendant-brunch-300x200.jpg 300w, https:\/\/fibredigitale.fr\/wp-content\/uploads\/2018\/02\/cropped-certif-pendant-brunch-1024x683.jpg 1024w, https:\/\/fibredigitale.fr\/wp-content\/uploads\/2018\/02\/cropped-certif-pendant-brunch-768x512.jpg 768w, https:\/\/fibredigitale.fr\/wp-content\/uploads\/2018\/02\/cropped-certif-pendant-brunch-1536x1025.jpg 1536w\" sizes=\"auto, (max-width: 709px) 85vw, (max-width: 909px) 67vw, (max-width: 1362px) 62vw, 840px\" \/><figcaption class=\"wp-element-caption\">Tuteur contrats pro et alternants universitaire<\/figcaption><\/figure>\n\n\n\n<figure class=\"wp-block-image size-full\"><img loading=\"lazy\" decoding=\"async\" width=\"2000\" height=\"1501\" data-id=\"247\" src=\"https:\/\/fibredigitale.fr\/wp-content\/uploads\/2018\/02\/cropped-avignon-photo-groupe-aide-volante.jpg\" alt=\"\" class=\"wp-image-247\" srcset=\"https:\/\/fibredigitale.fr\/wp-content\/uploads\/2018\/02\/cropped-avignon-photo-groupe-aide-volante.jpg 2000w, https:\/\/fibredigitale.fr\/wp-content\/uploads\/2018\/02\/cropped-avignon-photo-groupe-aide-volante-300x225.jpg 300w, https:\/\/fibredigitale.fr\/wp-content\/uploads\/2018\/02\/cropped-avignon-photo-groupe-aide-volante-1024x769.jpg 1024w, https:\/\/fibredigitale.fr\/wp-content\/uploads\/2018\/02\/cropped-avignon-photo-groupe-aide-volante-768x576.jpg 768w, https:\/\/fibredigitale.fr\/wp-content\/uploads\/2018\/02\/cropped-avignon-photo-groupe-aide-volante-1536x1153.jpg 1536w\" sizes=\"auto, (max-width: 709px) 85vw, (max-width: 909px) 67vw, (max-width: 1362px) 62vw, 840px\" \/><figcaption class=\"wp-element-caption\">Aide Volante Volontaire sur Avignon<\/figcaption><\/figure>\n\n\n\n<figure class=\"wp-block-image size-full\"><img loading=\"lazy\" decoding=\"async\" width=\"2000\" height=\"1501\" data-id=\"245\" src=\"https:\/\/fibredigitale.fr\/wp-content\/uploads\/2018\/02\/cropped-photo2-aide-volante-avignon-2017.jpg\" alt=\"\" class=\"wp-image-245\" srcset=\"https:\/\/fibredigitale.fr\/wp-content\/uploads\/2018\/02\/cropped-photo2-aide-volante-avignon-2017.jpg 2000w, https:\/\/fibredigitale.fr\/wp-content\/uploads\/2018\/02\/cropped-photo2-aide-volante-avignon-2017-300x225.jpg 300w, https:\/\/fibredigitale.fr\/wp-content\/uploads\/2018\/02\/cropped-photo2-aide-volante-avignon-2017-1024x769.jpg 1024w, https:\/\/fibredigitale.fr\/wp-content\/uploads\/2018\/02\/cropped-photo2-aide-volante-avignon-2017-768x576.jpg 768w, https:\/\/fibredigitale.fr\/wp-content\/uploads\/2018\/02\/cropped-photo2-aide-volante-avignon-2017-1536x1153.jpg 1536w\" sizes=\"auto, (max-width: 709px) 85vw, (max-width: 909px) 67vw, (max-width: 1362px) 62vw, 840px\" \/><figcaption class=\"wp-element-caption\">Aide Volante Volontaire \u00ab\u00a0Open\u00a0\u00bb  sur Avignon<\/figcaption><\/figure>\n\n\n\n<figure class=\"wp-block-image size-full\"><img loading=\"lazy\" decoding=\"async\" width=\"2000\" height=\"1199\" data-id=\"240\" src=\"https:\/\/fibredigitale.fr\/wp-content\/uploads\/2018\/02\/cropped-journee-enchanteur-95-selectionnes-01032016.jpg\" alt=\"\" class=\"wp-image-240\" srcset=\"https:\/\/fibredigitale.fr\/wp-content\/uploads\/2018\/02\/cropped-journee-enchanteur-95-selectionnes-01032016.jpg 2000w, https:\/\/fibredigitale.fr\/wp-content\/uploads\/2018\/02\/cropped-journee-enchanteur-95-selectionnes-01032016-300x180.jpg 300w, https:\/\/fibredigitale.fr\/wp-content\/uploads\/2018\/02\/cropped-journee-enchanteur-95-selectionnes-01032016-1024x614.jpg 1024w, https:\/\/fibredigitale.fr\/wp-content\/uploads\/2018\/02\/cropped-journee-enchanteur-95-selectionnes-01032016-768x460.jpg 768w, https:\/\/fibredigitale.fr\/wp-content\/uploads\/2018\/02\/cropped-journee-enchanteur-95-selectionnes-01032016-1536x921.jpg 1536w\" sizes=\"auto, (max-width: 709px) 85vw, (max-width: 909px) 67vw, (max-width: 1362px) 62vw, 840px\" \/><figcaption class=\"wp-element-caption\">La journ\u00e9e des Enchanteurs<\/figcaption><\/figure>\n\n\n\n<figure class=\"wp-block-image size-full\"><img loading=\"lazy\" decoding=\"async\" width=\"954\" height=\"1300\" data-id=\"241\" src=\"https:\/\/fibredigitale.fr\/wp-content\/uploads\/2018\/02\/cropped-cropped-Capture-3.jpg\" alt=\"\" class=\"wp-image-241\" srcset=\"https:\/\/fibredigitale.fr\/wp-content\/uploads\/2018\/02\/cropped-cropped-Capture-3.jpg 954w, https:\/\/fibredigitale.fr\/wp-content\/uploads\/2018\/02\/cropped-cropped-Capture-3-220x300.jpg 220w, https:\/\/fibredigitale.fr\/wp-content\/uploads\/2018\/02\/cropped-cropped-Capture-3-751x1024.jpg 751w, https:\/\/fibredigitale.fr\/wp-content\/uploads\/2018\/02\/cropped-cropped-Capture-3-768x1047.jpg 768w\" sizes=\"auto, (max-width: 709px) 85vw, (max-width: 909px) 67vw, (max-width: 1362px) 62vw, 840px\" \/><figcaption class=\"wp-element-caption\">A mon poste<\/figcaption><\/figure>\n<\/figure>\n","protected":false},"excerpt":{"rendered":"<p>2024&nbsp; :Elargissement des comp\u00e9tences en tant que conseiller en Full Flux 2013 -2023&nbsp; :Conseiller Clients R\u00e9f\u00e9rent Multi-Produits (niveau D) \u2013 Plateau Aix en Provence. Gestion parc mobile, open adsl et fibre.&#8211; Accueillir le client, traiter sa demande, \u00e9largir et fid\u00e9liser avec pour objectif une relation incomparable&#8211; Participation \u00e0 la formation des nouveaux employ\u00e9s&#8211; Soutien des &hellip; <a href=\"https:\/\/fibredigitale.fr\/?page_id=80\" class=\"more-link\">Continuer la lecture<span class=\"screen-reader-text\"> de &laquo;&nbsp;Orange Depuis 2010&nbsp;&raquo;<\/span><\/a><\/p>\n","protected":false},"author":1,"featured_media":0,"parent":0,"menu_order":0,"comment_status":"closed","ping_status":"closed","template":"","meta":{"footnotes":""},"class_list":["post-80","page","type-page","status-publish","hentry"],"_links":{"self":[{"href":"https:\/\/fibredigitale.fr\/index.php?rest_route=\/wp\/v2\/pages\/80","targetHints":{"allow":["GET"]}}],"collection":[{"href":"https:\/\/fibredigitale.fr\/index.php?rest_route=\/wp\/v2\/pages"}],"about":[{"href":"https:\/\/fibredigitale.fr\/index.php?rest_route=\/wp\/v2\/types\/page"}],"author":[{"embeddable":true,"href":"https:\/\/fibredigitale.fr\/index.php?rest_route=\/wp\/v2\/users\/1"}],"replies":[{"embeddable":true,"href":"https:\/\/fibredigitale.fr\/index.php?rest_route=%2Fwp%2Fv2%2Fcomments&post=80"}],"version-history":[{"count":66,"href":"https:\/\/fibredigitale.fr\/index.php?rest_route=\/wp\/v2\/pages\/80\/revisions"}],"predecessor-version":[{"id":463,"href":"https:\/\/fibredigitale.fr\/index.php?rest_route=\/wp\/v2\/pages\/80\/revisions\/463"}],"wp:attachment":[{"href":"https:\/\/fibredigitale.fr\/index.php?rest_route=%2Fwp%2Fv2%2Fmedia&parent=80"}],"curies":[{"name":"wp","href":"https:\/\/api.w.org\/{rel}","templated":true}]}}