{"id":7,"date":"2018-02-16T16:13:05","date_gmt":"2018-02-16T15:13:05","guid":{"rendered":"http:\/\/fibredigitale.fr\/?page_id=7"},"modified":"2025-05-11T20:56:54","modified_gmt":"2025-05-11T18:56:54","slug":"accueil","status":"publish","type":"page","link":"https:\/\/fibredigitale.fr\/","title":{"rendered":"Accueil"},"content":{"rendered":"<h1>Qui suis-je ?<img loading=\"lazy\" decoding=\"async\" class=\"alignright  wp-image-516\" src=\"https:\/\/fibredigitale.fr\/wp-content\/uploads\/2025\/05\/photo-738x1024.png\" alt=\"\" width=\"178\" height=\"247\" srcset=\"https:\/\/fibredigitale.fr\/wp-content\/uploads\/2025\/05\/photo-738x1024.png 738w, https:\/\/fibredigitale.fr\/wp-content\/uploads\/2025\/05\/photo-216x300.png 216w, https:\/\/fibredigitale.fr\/wp-content\/uploads\/2025\/05\/photo-768x1066.png 768w, https:\/\/fibredigitale.fr\/wp-content\/uploads\/2025\/05\/photo-1107x1536.png 1107w, https:\/\/fibredigitale.fr\/wp-content\/uploads\/2025\/05\/photo-1200x1665.png 1200w, https:\/\/fibredigitale.fr\/wp-content\/uploads\/2025\/05\/photo.png 1241w\" sizes=\"auto, (max-width: 178px) 85vw, 178px\" \/><\/h1>\n<p data-start=\"163\" data-end=\"216\">N\u00e9 \u00e0 Marseille le 17 avril 1974, je r\u00e9side au Rove.<\/p>\n<p data-start=\"218\" data-end=\"457\">J\u2019\u00e9volue dans le domaine de la vente depuis plus de <strong data-start=\"313\" data-end=\"323\">25 ans<\/strong>, avec un parcours riche et diversifi\u00e9 qui m\u2019a permis d\u2019acqu\u00e9rir une grande <strong data-start=\"399\" data-end=\"414\">polyvalence<\/strong> et une solide <strong data-start=\"429\" data-end=\"454\">expertise commerciale<\/strong>.<\/p>\n<p data-start=\"459\" data-end=\"803\">Depuis <strong data-start=\"466\" data-end=\"474\">2010<\/strong>, j\u2019occupe le poste de Conseiller Grand public sur le plateau d\u2019Aix-en-Provence o\u00f9 <strong data-start=\"497\" data-end=\"546\">j&rsquo;ai \u00e9t\u00e9 nomm\u00e9 R\u00e9f\u00e9rent Multiproduits<\/strong> <strong data-start=\"558\" data-end=\"567\">en 2013<\/strong>. Passionn\u00e9 par les <strong data-start=\"621\" data-end=\"647\">nouvelles technologies<\/strong>, j\u2019accompagne avec enthousiasme et conviction nos clients dans leur <strong data-start=\"716\" data-end=\"744\">transformation num\u00e9rique<\/strong>, en leur apportant des solutions adapt\u00e9es et innovantes en full flux.<\/p>\n<p data-start=\"805\" data-end=\"1227\">Mon int\u00e9r\u00eat pour l\u2019<strong data-start=\"824\" data-end=\"853\">intelligence artificielle<\/strong>, la <strong data-start=\"858\" data-end=\"871\">domotique<\/strong> et les <strong data-start=\"879\" data-end=\"917\">nouvelles tendances technologiques<\/strong> me pousse \u00e0 approfondir constamment mes connaissances et \u00e0 anticiper les \u00e9volutions du march\u00e9 (<a href=\"https:\/\/fibredigitale.fr\/?page_id=10\">voir mon blog<\/a>). De par mon parcours, je m\u2019int\u00e9resse particuli\u00e8rement aux enjeux de la <strong data-start=\"1083\" data-end=\"1108\">s\u00e9curit\u00e9 informatique<\/strong> ainsi qu\u2019au <strong data-start=\"1121\" data-end=\"1138\">monde du BtoB<\/strong>, o\u00f9 l\u2019accompagnement et la structuration des offres technologiques jouent un r\u00f4le cl\u00e9.<\/p>\n<p data-start=\"1229\" data-end=\"1614\">Fort de mon exp\u00e9rience, je souhaite <strong data-start=\"1265\" data-end=\"1301\">\u00e9voluer vers un poste de manager<\/strong> au sein d\u2019<strong data-start=\"1312\" data-end=\"1322\">Orange<\/strong>, afin d\u2019\u00e9largir mes responsabilit\u00e9s et d\u2019apporter une nouvelle dimension \u00e0 mon engagement professionnel. Mon r\u00f4le de <strong data-start=\"1440\" data-end=\"1450\">tuteur<\/strong> m\u2019a confort\u00e9 dans cette ambition, en me permettant de transmettre mon savoir-faire et de contribuer activement au d\u00e9veloppement des comp\u00e9tences de mes coll\u00e8gues.<\/p>\n<p>&nbsp;<\/p>\n<p style=\"text-align: center;\"><a href=\"https:\/\/fibredigitale.fr\/?page_id=79\">Mon exp\u00e9rience<\/a>\u00a0 &#8211; <a href=\"https:\/\/fibredigitale.fr\/?page_id=85\">Mes diplomes<\/a> &#8211; <a href=\"https:\/\/fibredigitale.fr\/?page_id=111\">Mes loisirs<\/a><\/p>\n<p>&nbsp;<\/p>\n","protected":false},"excerpt":{"rendered":"<p>Qui suis-je ? N\u00e9 \u00e0 Marseille le 17 avril 1974, je r\u00e9side au Rove. J\u2019\u00e9volue dans le domaine de la vente depuis plus de 25 ans, avec un parcours riche et diversifi\u00e9 qui m\u2019a permis d\u2019acqu\u00e9rir une grande polyvalence et une solide expertise commerciale. Depuis 2010, j\u2019occupe le poste de Conseiller Grand public sur le &hellip; <a href=\"https:\/\/fibredigitale.fr\/\" class=\"more-link\">Continuer la lecture<span class=\"screen-reader-text\"> de &laquo;&nbsp;Accueil&nbsp;&raquo;<\/span><\/a><\/p>\n","protected":false},"author":1,"featured_media":0,"parent":0,"menu_order":0,"comment_status":"closed","ping_status":"closed","template":"","meta":{"footnotes":""},"class_list":["post-7","page","type-page","status-publish","hentry"],"_links":{"self":[{"href":"https:\/\/fibredigitale.fr\/index.php?rest_route=\/wp\/v2\/pages\/7","targetHints":{"allow":["GET"]}}],"collection":[{"href":"https:\/\/fibredigitale.fr\/index.php?rest_route=\/wp\/v2\/pages"}],"about":[{"href":"https:\/\/fibredigitale.fr\/index.php?rest_route=\/wp\/v2\/types\/page"}],"author":[{"embeddable":true,"href":"https:\/\/fibredigitale.fr\/index.php?rest_route=\/wp\/v2\/users\/1"}],"replies":[{"embeddable":true,"href":"https:\/\/fibredigitale.fr\/index.php?rest_route=%2Fwp%2Fv2%2Fcomments&post=7"}],"version-history":[{"count":21,"href":"https:\/\/fibredigitale.fr\/index.php?rest_route=\/wp\/v2\/pages\/7\/revisions"}],"predecessor-version":[{"id":517,"href":"https:\/\/fibredigitale.fr\/index.php?rest_route=\/wp\/v2\/pages\/7\/revisions\/517"}],"wp:attachment":[{"href":"https:\/\/fibredigitale.fr\/index.php?rest_route=%2Fwp%2Fv2%2Fmedia&parent=7"}],"curies":[{"name":"wp","href":"https:\/\/api.w.org\/{rel}","templated":true}]}}

<h1>Qui suis-je ?<img loading="lazy" decoding="async" class="alignright  wp-image-516" src="https://fibredigitale.fr/wp-content/uploads/2025/05/photo-738x1024.png" alt="" width="178" height="247" srcset="https://fibredigitale.fr/wp-content/uploads/2025/05/photo-738x1024.png 738w, https://fibredigitale.fr/wp-content/uploads/2025/05/photo-216x300.png 216w, https://fibredigitale.fr/wp-content/uploads/2025/05/photo-768x1066.png 768w, https://fibredigitale.fr/wp-content/uploads/2025/05/photo-1107x1536.png 1107w, https://fibredigitale.fr/wp-content/uploads/2025/05/photo-1200x1665.png 1200w, https://fibredigitale.fr/wp-content/uploads/2025/05/photo.png 1241w" sizes="auto, (max-width: 178px) 85vw, 178px" /></h1>
<p data-start="163" data-end="216">Né à Marseille le 17 avril 1974, je réside au Rove.</p>
<p data-start="218" data-end="457">J’évolue dans le domaine de la vente depuis plus de <strong data-start="313" data-end="323">25 ans</strong>, avec un parcours riche et diversifié qui m’a permis d’acquérir une grande <strong data-start="399" data-end="414">polyvalence</strong> et une solide <strong data-start="429" data-end="454">expertise commerciale</strong>.</p>
<p data-start="459" data-end="803">Depuis <strong data-start="466" data-end="474">2010</strong>, j’occupe le poste de Conseiller Grand public sur le plateau d’Aix-en-Provence où <strong data-start="497" data-end="546">j&rsquo;ai été nommé Référent Multiproduits</strong> <strong data-start="558" data-end="567">en 2013</strong>. Passionné par les <strong data-start="621" data-end="647">nouvelles technologies</strong>, j’accompagne avec enthousiasme et conviction nos clients dans leur <strong data-start="716" data-end="744">transformation numérique</strong>, en leur apportant des solutions adaptées et innovantes en full flux.</p>
<p data-start="805" data-end="1227">Mon intérêt pour l’<strong data-start="824" data-end="853">intelligence artificielle</strong>, la <strong data-start="858" data-end="871">domotique</strong> et les <strong data-start="879" data-end="917">nouvelles tendances technologiques</strong> me pousse à approfondir constamment mes connaissances et à anticiper les évolutions du marché (<a href="https://fibredigitale.fr/?page_id=10">voir mon blog</a>). De par mon parcours, je m’intéresse particulièrement aux enjeux de la <strong data-start="1083" data-end="1108">sécurité informatique</strong> ainsi qu’au <strong data-start="1121" data-end="1138">monde du BtoB</strong>, où l’accompagnement et la structuration des offres technologiques jouent un rôle clé.</p>
<p data-start="1229" data-end="1614">Fort de mon expérience, je souhaite <strong data-start="1265" data-end="1301">évoluer vers un poste de manager</strong> au sein d’<strong data-start="1312" data-end="1322">Orange</strong>, afin d’élargir mes responsabilités et d’apporter une nouvelle dimension à mon engagement professionnel. Mon rôle de <strong data-start="1440" data-end="1450">tuteur</strong> m’a conforté dans cette ambition, en me permettant de transmettre mon savoir-faire et de contribuer activement au développement des compétences de mes collègues.</p>
<p>&nbsp;</p>
<p style="text-align: center;"><a href="https://fibredigitale.fr/?page_id=79">Mon expérience</a>  &#8211; <a href="https://fibredigitale.fr/?page_id=85">Mes diplomes</a> &#8211; <a href="https://fibredigitale.fr/?page_id=111">Mes loisirs</a></p>
<p>&nbsp;</p>

<p>Qui suis-je ? Né à Marseille le 17 avril 1974, je réside au Rove. J’évolue dans le domaine de la vente depuis plus de 25 ans, avec un parcours riche et diversifié qui m’a permis d’acquérir une grande polyvalence et une solide expertise commerciale. Depuis 2010, j’occupe le poste de Conseiller Grand public sur le &hellip; <a href="https://fibredigitale.fr/" class="more-link">Continuer la lecture<span class="screen-reader-text"> de &laquo;&nbsp;Accueil&nbsp;&raquo;</span></a></p>
